c - x*c = 28. Calculate the greatest common factor of 7 and c.
7
Suppose g + 14 = 32. What is the highest common divisor of g and 126?
18
Let c be 4/((-16)/(-12)) - -1. Calculate the greatest common divisor of 28 and c.
4
Suppose 2 - 6 = -2*d - 5*s, -5*d + 4*s = -10. What is the highest common factor of 14 and d?
2
Suppose 8*k = 3*k + 15. Suppose -v - 7 = 2*p, 2 + 33 = -5*v + 5*p. Let z = v + 40. What is the greatest common factor of k and z?
3
Suppose -2*j - 2 + 8 = 0. Let n be (-3)/9 + 7/j. Calculate the highest common factor of n and 10.
2
Suppose 5*l - 4*n + 45 = n, 2*n = 4*l + 42. Let z be (-1 - 57/l)*12. Let u be (-71)/(-4) - 1/(-4). Calculate the highest common factor of u and z.
9
Let k be 2 - (-5)/(15/18) - -2. Let q(f) = 3*f**2 + 5*f - 2. Let r be q(3). Calculate the greatest common factor of r and k.
10
Let h be 18*(-2)/(-3)*2. Let b(s) = -542*s - 3. Let j be b(-2). Suppose 0*k = 4*k - 5*m - j, 0 = -k + m + 269. Calculate the highest common divisor of k and h.
24
Suppose 2 = -4*g + 6. Calculate the greatest common divisor of 4 and g.
1
Let z = 0 - -8. Suppose -3*m - m + 2*l = 0, 0 = -m + 5*l. Suppose 2*b - 3 + 1 = m. Calculate the highest common divisor of z and b.
1
Suppose -10 = -2*v, c - 2*c = -2*v. What is the greatest common factor of 10 and c?
10
Suppose 2*o + 86 = 3*c, 7*c + 3*o = 2*c + 137. Calculate the highest common divisor of c and 364.
28
Let o be (-4)/18 + (-195)/(-27). Let b(w) = -2*w + 1. Let c be b(-2). Suppose 2 = -j, -3*j - 71 + 450 = c*t. Calculate the highest common factor of o and t.
7
Let p(k) = 25*k**2 - 3*k + 3. Let n be p(1). What is the greatest common divisor of 325 and n?
25
Let x = 0 + -11. Let j = -7 - x. Let p be (14/j - 0)*2. Calculate the highest common divisor of 28 and p.
7
Let l(s) = -s**3 + 10*s**2 - 8*s - 18. Let h be l(9). Let o be (-6)/h*(-117)/(-2). Calculate the greatest common factor of 13 and o.
13
Let o be ((-10)/40)/(2/(-40)). Calculate the highest common factor of o and 35.
5
Suppose -6 - 12 = 3*v. Let u(i) = 13*i - 2. Let y be u(v). Let l = -56 - y. Calculate the highest common factor of l and 12.
12
Suppose -48 = -5*k + i, -i - 3 = -2*k + 15. Suppose 225 = 3*m + b - 6*b, -365 = -5*m + 5*b. Calculate the greatest common factor of k and m.
10
Let i = 4 + -2. Suppose i = -3*z - 2*x, 0*x + 5 = 5*z - 5*x. Suppose 3*v + 4 - 1 = z, 5*f = -4*v + 16. Calculate the highest common factor of f and 1.
1
Let r(l) = l**3 - 5*l**2 - 5*l - 6. Let g be r(7). What is the highest common factor of 38 and g?
19
Let o = -8 + 2. Let w = -13 - o. Let u be 1390/14 - (-2)/w. Calculate the highest common factor of u and 11.
11
Let s(u) = 4*u**2 + 6*u + 6. Let q be s(-5). Suppose q = 5*w - 4. Let j be 6/(-6*2/(-8)). What is the highest common divisor of w and j?
4
Suppose c = -3*b + 46 + 29, 3*b = 2*c - 195. Calculate the greatest common factor of 54 and c.
18
Let s = -19 - -27. What is the highest common factor of s and 4?
4
Let r = 45 - 9. What is the greatest common factor of r and 12?
12
Let o(s) = s**2 + 15*s - 5. Let f be o(-8). Let z = -40 - f. What is the greatest common divisor of z and 14?
7
Let b(t) = t - 5. Let p be b(9). Let k(y) = y + 11. Let g = -11 - -6. Let s be k(g). Calculate the greatest common divisor of s and p.
2
Suppose -4*l + 62 = -0*l - 3*p, 0 = -2*p - 4. Let j = 62 + -20. What is the greatest common divisor of l and j?
14
Suppose 16 = 2*o + 5*f, -o + 2*f = 3*o - 80. Let u be (56/6)/(6/o). What is the greatest common divisor of u and 42?
14
Suppose -h - h = -3*g + 9, -4*h = -3*g + 9. Calculate the highest common factor of 15 and g.
3
Let y = -27 - -30. Calculate the greatest common factor of 15 and y.
3
Suppose -z = -5*x - 70, 3*x = 7*z - 8*z + 70. Let r = 11 - 1. Calculate the greatest common factor of z and r.
10
Suppose 6*w - 2*w = -x + 9, 5*w - 11 = -x. What is the highest common factor of 1 and w?
1
Let k(b) = b**2 + 2*b - 1. Let g be k(1). Suppose -g*i = 2*t - 24, -3*i + t = 2*t - 32. Suppose -h + 80 = h. What is the greatest common divisor of i and h?
10
Suppose -14*m + 12*m = -42. What is the highest common factor of m and 3?
3
Let p be (-124)/(1 - 0/(-1)). Let f = p + 208. Calculate the highest common factor of f and 21.
21
Let w = 2 + 17. Let n(r) = -50*r + 2. Let q be n(-3). What is the highest common factor of q and w?
19
Let a = -62 + 146. What is the highest common divisor of a and 12?
12
Let o = -43 + 11. Let c be (2 + o)/(4/(-10)). What is the highest common factor of 25 and c?
25
Suppose t = 4*j - 15, 3 + 15 = 2*t + 4*j. Calculate the highest common divisor of t and 13.
1
Let n be 20/(-5)*(-3 + 1). Let v = 31 + -6. Suppose -4*g + v = -263. What is the greatest common divisor of n and g?
8
Let f = 110 + -59. Let h be (2 - -1)/(-6 - (-735)/119). Calculate the greatest common factor of h and f.
17
Let b be 3*((-12)/3 - -5). Let m(k) = 10*k + 5. Let v be m(b). Let s = 4 - -10. Calculate the highest common divisor of v and s.
7
Let g = 24 + -18. Calculate the greatest common factor of 12 and g.
6
Let i be (-11 + (-6)/(-2))*-2. Calculate the highest common divisor of i and 176.
16
Let i be (-1 + 18)*4*5. Suppose 0 = 5*l + 4*z - 2452, -l - 3*z + 369 = -117. Let q = l - i. What is the highest common divisor of 19 and q?
19
Suppose -2*f + 4 = 6. Let q be -3 + 1 - f - -86. What is the greatest common divisor of q and 34?
17
Suppose n - 20 = -4*n. What is the highest common factor of n and 36?
4
Let g(p) = 5*p - 5. Let t be g(2). Calculate the greatest common divisor of t and 35.
5
Suppose 5 = -2*z + 4*t - 5, 2*t = 8. Let r be (6/(z + 0))/1. What is the greatest common divisor of 16 and r?
2
Suppose 4*s - 97 = -9. Calculate the greatest common factor of 66 and s.
22
Let q(y) = y**2 + 2*y - 7. Let a be q(3). Calculate the highest common factor of a and 8.
8
Let r(o) = -o**3 - 2*o**2 + 7*o - 2. Let s be r(-4). Calculate the greatest common factor of 26 and s.
2
Let s = 36 + -24. Calculate the greatest common divisor of 84 and s.
12
Let j be 22/10 + 60/75. What is the greatest common divisor of j and 3?
3
Suppose 2*z + 4*z - 90 = 0. What is the greatest common factor of z and 60?
15
Let k = 35 + -21. Let r = -36 - -162. What is the highest common divisor of r and k?
14
Let r be 8/30*10/(-4)*-24. What is the highest common divisor of r and 16?
16
Suppose 4*r - 244 + 8 = 0. Suppose -r = -4*a - b, -2*a + 3*b + 42 = b. Calculate the greatest common factor of a and 16.
16
Let o be ((-40)/(-14))/(28/98). Calculate the greatest common factor of o and 10.
10
Let n(a) = 2*a - 9. Suppose 4*z - 4 = 0, -5*u + 14 = 3*z - 39. Let d be n(u). What is the highest common factor of 55 and d?
11
Let t be 108*((-3)/3)/(-2). Let a = -86 + t. Let w = 70 + a. Calculate the greatest common factor of w and 19.
19
Let w(a) = -7*a - 7. Let l be w(-3). Calculate the greatest common factor of l and 21.
7
Let d = 239 - -69. What is the greatest common divisor of 28 and d?
28
Let u(c) = -49*c - 2. Let x be u(-2). Let b = -8 - 4. Let k = b + 24. Calculate the highest common factor of k and x.
12
Let x be (-2)/3 - 7/3. Let y be (-11)/x - (-3)/9. Calculate the greatest common factor of 20 and y.
4
Let w(r) = 4*r**3 + r**2. Let s be w(1). Suppose s*f - 28 = -2*o, 7 = 2*o + 2*f - 21. What is the greatest common divisor of 2 and o?
2
Suppose 2*k + 2*k - 36 = 0. Suppose 2*i - 2 - 5 = -3*u, 2*u = -4*i + 2. Let r = u + 3. Calculate the highest common factor of r and k.
3
Let m = -410 - -275. Let h be (m/6)/(2/(-4)). Let l = 55 - 37. What is the highest common factor of h and l?
9
Let n(x) = -2*x**2 - 25*x - 8. Let p be n(-12). What is the highest common divisor of p and 16?
4
Let s(c) = c**3 + 4*c + 3. Let l be s(-2). Let q = l + 21. What is the greatest common factor of 8 and q?
8
Let c be (-3)/((-9)/12) - 1. Suppose 2*g = b + 22, 47 = 3*g - b + c*b. Suppose k = 4*a - g - 36, 5*k - 43 = -4*a. What is the highest common factor of a and 2?
2
Let b = -20 - -36. Let u = -1 + b. Suppose -5*a + 495 + 30 = 0. What is the greatest common divisor of u and a?
15
Let m(q) = q + 7. Let v be m(7). What is the greatest common factor of 14 and v?
14
Let x be 13*2*(-2)/(-2). Suppose -2*b + h + x = 6*h, 15 = b + 3*h. What is the highest common factor of b and 30?
3
Let r(z) = 4*z - 17. Let o be r(18). Calculate the highest common divi